{"id":454,"date":"2022-05-22T19:35:41","date_gmt":"2022-05-22T19:35:41","guid":{"rendered":"https:\/\/webstudiodizajn.com.hr\/?page_id=454"},"modified":"2023-07-26T11:21:49","modified_gmt":"2023-07-26T11:21:49","slug":"protuprovalna-vrata-basic","status":"publish","type":"page","link":"https:\/\/webstudiodizajn.com.hr\/index.php\/protuprovalna-vrata-basic\/","title":{"rendered":"Protuprovalna vrata Basic"},"content":{"rendered":"<div data-colibri-id=\"454-c1\" class=\"style-392 style-local-454-c1 position-relative\">\n  <!---->\n  <div data-colibri-component=\"section\" data-colibri-id=\"454-c2\" id=\"reusable-sections-2\" class=\"h-section h-section-global-spacing d-flex align-items-lg-center align-items-md-center align-items-center style-1601 style-local-454-c2 position-relative\">\n    <!---->\n    <!---->\n    <div class=\"h-section-grid-container h-section-boxed-container\">\n      <!---->\n      <div data-colibri-id=\"454-c3\" class=\"h-row-container gutters-row-lg-2 gutters-row-md-2 gutters-row-0 gutters-row-v-lg-2 gutters-row-v-md-2 gutters-row-v-2 style-1602 style-local-454-c3 position-relative\">\n        <!---->\n        <div class=\"h-row justify-content-lg-center justify-content-md-center justify-content-center align-items-lg-stretch align-items-md-stretch align-items-stretch gutters-col-lg-2 gutters-col-md-2 gutters-col-0 gutters-col-v-lg-2 gutters-col-v-md-2 gutters-col-v-2\">\n          <!---->\n          <div class=\"h-column h-column-container d-flex h-col-lg-auto h-col-md-auto h-col-auto style-1603-outer style-local-454-c4-outer\">\n            <div data-colibri-id=\"454-c4\" class=\"d-flex h-flex-basis h-column__inner h-px-lg-2 h-px-md-2 h-px-2 v-inner-lg-2 v-inner-md-2 v-inner-2 style-1603 style-local-454-c4 position-relative\">\n              <!---->\n              <!---->\n              <div class=\"w-100 h-y-container h-column__content h-column__v-align flex-basis-100 align-self-lg-start align-self-md-start align-self-start\">\n                <!---->\n                <div data-colibri-id=\"454-c5\" class=\"h-global-transition-all h-heading style-1604 style-local-454-c5 position-relative h-element\">\n                  <!---->\n                  <div class=\"h-heading__outer style-1604 style-local-454-c5\">\n                    <!---->\n                    <!---->\n                    <h2 class=\"\">Protuprovalna vrata BASIC<\/h2>\n                  <\/div>\n                <\/div>\n              <\/div>\n            <\/div>\n          <\/div>\n        <\/div>\n      <\/div>\n      <div data-colibri-id=\"454-c6\" class=\"h-row-container gutters-row-lg-0 gutters-row-md-0 gutters-row-0 gutters-row-v-lg-0 gutters-row-v-md-0 gutters-row-v-0 style-1605 style-local-454-c6 position-relative\">\n        <!---->\n        <div class=\"h-row justify-content-lg-center justify-content-md-center justify-content-center align-items-lg-stretch align-items-md-stretch align-items-stretch gutters-col-lg-0 gutters-col-md-0 gutters-col-0 gutters-col-v-lg-0 gutters-col-v-md-0 gutters-col-v-0\">\n          <!---->\n          <div class=\"h-column h-column-container d-flex h-col-lg-auto h-col-md-auto h-col-auto style-1606-outer style-local-454-c7-outer\">\n            <div data-colibri-id=\"454-c7\" class=\"d-flex h-flex-basis h-column__inner h-ui-empty-state-container h-px-lg-0 h-px-md-0 h-px-0 v-inner-lg-0 v-inner-md-0 v-inner-0 style-1606 style-local-454-c7 position-relative\">\n              <!---->\n              <!---->\n              <div class=\"w-100 h-y-container h-column__content h-column__v-align flex-basis-100\">\n                <!---->\n              <\/div>\n            <\/div>\n          <\/div>\n          <div class=\"h-column h-column-container d-flex h-col-lg-auto h-col-md-auto h-col-auto style-1607-outer style-local-454-c8-outer\">\n            <div data-colibri-id=\"454-c8\" class=\"d-flex h-flex-basis h-column__inner h-px-lg-2 h-px-md-2 h-px-2 v-inner-lg-2 v-inner-md-2 v-inner-2 style-1607 style-local-454-c8 position-relative\">\n              <!---->\n              <!---->\n              <div class=\"w-100 h-y-container h-column__content h-column__v-align flex-basis-100 align-self-lg-start align-self-md-start align-self-start\">\n                <!---->\n                <div data-colibri-id=\"454-c9\" class=\"h-text h-text-component style-1608 style-local-454-c9 position-relative h-element\">\n                  <!---->\n                  <!---->\n                  <div class=\"\">\n                    <p><strong>Oprema vrata:<\/strong><\/p>\n                    <p>\n                      <br>\n                    <\/p>\n                    <ul>\n                      <li>Brava i cilindar s 5 klju\u010deva i k\u00f4d karticom**<\/li>\n                      <li>Konstrukcija vrata izra\u0111ena od 1 mm pocin\u010danog lima<\/li>\n                      <li>Slijepi okvir i dovratnik izra\u0111eni od 2 mm pocin\u010danog lima<\/li>\n                      <li>5 aktivnih to\u010daka zaklju\u010davanja na stani brave<\/li>\n                      <li>4 fiksne to\u010dke zaklju\u010davanja na strani panta<\/li>\n                      <li>Neoprenska brtva<\/li>\n                      <li>\u0160irokokutna \u0161pijunka 160\u00b0<\/li>\n                      <li>Sigurnosni dovratnik za slu\u010daj slijeganja ili potresa<\/li>\n                      <li>Vanjska i unutarnja obloga protuprovalnih vrata u 6 standardnih boja i tekstura<\/li>\n                    <\/ul>\n                    <p>** uz vrata se&nbsp;mo\u017ee&nbsp;odabrati Mul-T-Lock cilindar razli\u010ditog stupnja sigurnosti i to: 7&#215;7, Interactive i MT5+<\/p>\n                    <p><strong>Opcije:&nbsp;<\/strong><\/p>\n                    <ul>\n                      <li>Ugradnja elektroprihvatnika&nbsp;ili elektromagnetske brave<\/li>\n                      <li>Ugradnja staklenih umetaka<\/li>\n                      <li>Nadsvjetlo<\/li>\n                      <li>Dosvjetlo<\/li>\n                      <li>Unutarnje i vanjske obloge po \u017eelji klijenta ( boja, uklade )<\/li>\n                    <\/ul>\n                    <p>\n                      <br>\n                    <\/p>\n                  <\/div>\n                <\/div>\n              <\/div>\n            <\/div>\n          <\/div>\n        <\/div>\n      <\/div>\n    <\/div>\n  <\/div>\n  <div data-colibri-component=\"section\" data-colibri-id=\"454-c10\" id=\"reusable-sections-3\" class=\"h-section h-section-global-spacing d-flex align-items-lg-center align-items-md-center align-items-center style-1609 style-local-454-c10 position-relative\">\n    <!---->\n    <!---->\n    <div class=\"h-section-grid-container h-section-boxed-container\">\n      <div data-colibri-id=\"454-c15\" class=\"h-row-container gutters-row-lg-1 gutters-row-md-1 gutters-row-2 gutters-row-v-lg-1 gutters-row-v-md-1 gutters-row-v-1 style-1614 style-local-454-c15 position-relative\">\n        <!---->\n        <div class=\"h-row justify-content-lg-center justify-content-md-center justify-content-center align-items-lg-stretch align-items-md-stretch align-items-stretch gutters-col-lg-1 gutters-col-md-1 gutters-col-2 gutters-col-v-lg-1 gutters-col-v-md-1 gutters-col-v-1\">\n          <!---->\n          <div class=\"h-column h-column-container d-flex h-col-lg-auto h-col-md-auto h-col-auto style-1615-outer style-local-454-c16-outer\">\n            <div data-colibri-id=\"454-c16\" class=\"d-flex h-flex-basis h-column__inner h-px-lg-1 h-px-md-1 h-px-2 v-inner-lg-1 v-inner-md-1 v-inner-2 style-1615 style-local-454-c16 position-relative\">\n              <!---->\n              <!---->\n              <div class=\"w-100 h-y-container h-column__content h-column__v-align flex-basis-100 align-self-lg-start align-self-md-start align-self-start\">\n                <!---->\n                <div data-colibri-id=\"454-c17\" class=\"h-lead h-text h-text-component style-1616 style-local-454-c17 position-relative h-element\">\n                  <!---->\n                  <!---->\n                  <div class=\"\">\n                    <p>Posjetite nas u na\u0161em prodajno\/izlo\u017ebenom prostoru Ilica 315, Zagreb\n                      <br>ili\n                      <br>jednostavno po\u0161aljite upit putem na\u0161e kontakt forme.<\/p>\n                  <\/div>\n                <\/div>\n                <div data-colibri-id=\"454-c18\" class=\"h-x-container style-1617 style-local-454-c18 position-relative h-element\">\n                  <!---->\n                  <div class=\"h-x-container-inner style-dynamic-454-c18-group style-1617-spacing style-local-454-c18-spacing\"><span class=\"h-button__outer style-1618-outer style-local-454-c19-outer d-inline-flex h-element\"><a h-use-smooth-scroll=\"true\" href=\"https:\/\/webstudiodizajn.com.hr\/index.php\/kontakt\/\"  data-colibri-id=\"454-c19\" class=\"d-flex w-100 align-items-center h-button justify-content-lg-center justify-content-md-center justify-content-center style-1618 style-local-454-c19 position-relative\"><!----><!----> <span>PO\u0160ALJI UPIT<\/span><\/a>\n                    <\/span>\n                  <\/div>\n                <\/div>\n              <\/div>\n            <\/div>\n          <\/div>\n        <\/div>\n      <\/div>\n      <div data-colibri-id=\"454-c11\" class=\"h-row-container gutters-row-lg-0 gutters-row-md-0 gutters-row-0 gutters-row-v-lg-0 gutters-row-v-md-0 gutters-row-v-0 style-1610 style-local-454-c11 h-overflow-hidden position-relative\">\n        <!---->\n        <div class=\"h-row justify-content-lg-center justify-content-md-center justify-content-center align-items-lg-end align-items-md-end align-items-end gutters-col-lg-0 gutters-col-md-0 gutters-col-0 gutters-col-v-lg-0 gutters-col-v-md-0 gutters-col-v-0\">\n          <!---->\n          <div class=\"h-column h-column-container d-flex h-col-lg-auto h-col-md-auto h-col-auto align-self-lg-end align-self-md-end align-self-end style-1612-outer style-local-454-c13-outer\">\n            <div data-colibri-id=\"454-c13\" class=\"d-flex h-flex-basis h-column__inner h-ui-empty-state-container h-px-lg-0 h-px-md-0 h-px-0 v-inner-lg-0 v-inner-md-0 v-inner-0 style-1612 style-local-454-c13 position-relative\">\n              <!---->\n              <!---->\n              <div class=\"w-100 h-y-container h-column__content h-column__v-align flex-basis-100\">\n                <!---->\n              <\/div>\n            <\/div>\n          <\/div>\n        <\/div>\n      <\/div>\n    <\/div>\n  <\/div>\n<\/div>","protected":false},"excerpt":{"rendered":"<p>Protuprovalna vrata BASIC Oprema vrata: Brava i cilindar s 5 klju\u010deva i k\u00f4d karticom** Konstrukcija vrata izra\u0111ena od 1 mm pocin\u010danog lima Slijepi okvir i dovratnik izra\u0111eni od 2 mm pocin\u010danog lima 5 aktivnih to\u010daka zaklju\u010davanja na stani brave 4 fiksne to\u010dke zaklju\u010davanja na strani panta Neoprenska brtva \u0160irokokutna \u0161pijunka 160\u00b0 Sigurnosni dovratnik za slu\u010daj [&hellip;]<\/p>\n","protected":false},"author":1,"featured_media":0,"parent":0,"menu_order":0,"comment_status":"closed","ping_status":"closed","template":"page-templates\/full-width-page.php","meta":{"footnotes":""},"yoast_head":"<!-- This site is optimized with the Yoast SEO plugin v20.10 - https:\/\/yoast.com\/wordpress\/plugins\/seo\/ -->\n<title>Protuprovalna vrata Basic - KOLNOA VRATA<\/title>\n<meta name=\"robots\" content=\"index, follow, max-snippet:-1, max-image-preview:large, max-video-preview:-1\" \/>\n<link rel=\"canonical\" href=\"https:\/\/webstudiodizajn.com.hr\/index.php\/protuprovalna-vrata-basic\/\" \/>\n<meta property=\"og:locale\" content=\"hr_HR\" \/>\n<meta property=\"og:type\" content=\"article\" \/>\n<meta property=\"og:title\" content=\"Protuprovalna vrata Basic - KOLNOA VRATA\" \/>\n<meta property=\"og:description\" content=\"Protuprovalna vrata BASIC Oprema vrata: Brava i cilindar s 5 klju\u010deva i k\u00f4d karticom** Konstrukcija vrata izra\u0111ena od 1 mm pocin\u010danog lima Slijepi okvir i dovratnik izra\u0111eni od 2 mm pocin\u010danog lima 5 aktivnih to\u010daka zaklju\u010davanja na stani brave 4 fiksne to\u010dke zaklju\u010davanja na strani panta Neoprenska brtva \u0160irokokutna \u0161pijunka 160\u00b0 Sigurnosni dovratnik za slu\u010daj [&hellip;]\" \/>\n<meta property=\"og:url\" content=\"https:\/\/webstudiodizajn.com.hr\/index.php\/protuprovalna-vrata-basic\/\" \/>\n<meta property=\"og:site_name\" content=\"KOLNOA VRATA\" \/>\n<meta property=\"article:modified_time\" content=\"2023-07-26T11:21:49+00:00\" \/>\n<meta name=\"twitter:card\" content=\"summary_large_image\" \/>\n<script type=\"application\/ld+json\" class=\"yoast-schema-graph\">{\"@context\":\"https:\/\/schema.org\",\"@graph\":[{\"@type\":\"WebPage\",\"@id\":\"https:\/\/webstudiodizajn.com.hr\/index.php\/protuprovalna-vrata-basic\/\",\"url\":\"https:\/\/webstudiodizajn.com.hr\/index.php\/protuprovalna-vrata-basic\/\",\"name\":\"Protuprovalna vrata Basic - KOLNOA VRATA\",\"isPartOf\":{\"@id\":\"https:\/\/webstudiodizajn.com.hr\/#website\"},\"datePublished\":\"2022-05-22T19:35:41+00:00\",\"dateModified\":\"2023-07-26T11:21:49+00:00\",\"breadcrumb\":{\"@id\":\"https:\/\/webstudiodizajn.com.hr\/index.php\/protuprovalna-vrata-basic\/#breadcrumb\"},\"inLanguage\":\"hr\",\"potentialAction\":[{\"@type\":\"ReadAction\",\"target\":[\"https:\/\/webstudiodizajn.com.hr\/index.php\/protuprovalna-vrata-basic\/\"]}]},{\"@type\":\"BreadcrumbList\",\"@id\":\"https:\/\/webstudiodizajn.com.hr\/index.php\/protuprovalna-vrata-basic\/#breadcrumb\",\"itemListElement\":[{\"@type\":\"ListItem\",\"position\":1,\"name\":\"Po\u010detna stranica\",\"item\":\"https:\/\/webstudiodizajn.com.hr\/\"},{\"@type\":\"ListItem\",\"position\":2,\"name\":\"Protuprovalna vrata Basic\"}]},{\"@type\":\"WebSite\",\"@id\":\"https:\/\/webstudiodizajn.com.hr\/#website\",\"url\":\"https:\/\/webstudiodizajn.com.hr\/\",\"name\":\"KOLNOA VRATA\",\"description\":\"Va\u0161a sigurnost\",\"publisher\":{\"@id\":\"https:\/\/webstudiodizajn.com.hr\/#organization\"},\"potentialAction\":[{\"@type\":\"SearchAction\",\"target\":{\"@type\":\"EntryPoint\",\"urlTemplate\":\"https:\/\/webstudiodizajn.com.hr\/?s={search_term_string}\"},\"query-input\":\"required name=search_term_string\"}],\"inLanguage\":\"hr\"},{\"@type\":\"Organization\",\"@id\":\"https:\/\/webstudiodizajn.com.hr\/#organization\",\"name\":\"KOLNOA VRATA\",\"url\":\"https:\/\/webstudiodizajn.com.hr\/\",\"logo\":{\"@type\":\"ImageObject\",\"inLanguage\":\"hr\",\"@id\":\"https:\/\/webstudiodizajn.com.hr\/#\/schema\/logo\/image\/\",\"url\":\"https:\/\/webstudiodizajn.com.hr\/wp-content\/uploads\/2022\/06\/Kolnoa-Vrata-logo-ai1-white.png\",\"contentUrl\":\"https:\/\/webstudiodizajn.com.hr\/wp-content\/uploads\/2022\/06\/Kolnoa-Vrata-logo-ai1-white.png\",\"width\":977,\"height\":233,\"caption\":\"KOLNOA VRATA\"},\"image\":{\"@id\":\"https:\/\/webstudiodizajn.com.hr\/#\/schema\/logo\/image\/\"}}]}<\/script>\n<!-- \/ Yoast SEO plugin. -->","yoast_head_json":{"title":"Protuprovalna vrata Basic - KOLNOA VRATA","robots":{"index":"index","follow":"follow","max-snippet":"max-snippet:-1","max-image-preview":"max-image-preview:large","max-video-preview":"max-video-preview:-1"},"canonical":"https:\/\/webstudiodizajn.com.hr\/index.php\/protuprovalna-vrata-basic\/","og_locale":"hr_HR","og_type":"article","og_title":"Protuprovalna vrata Basic - KOLNOA VRATA","og_description":"Protuprovalna vrata BASIC Oprema vrata: Brava i cilindar s 5 klju\u010deva i k\u00f4d karticom** Konstrukcija vrata izra\u0111ena od 1 mm pocin\u010danog lima Slijepi okvir i dovratnik izra\u0111eni od 2 mm pocin\u010danog lima 5 aktivnih to\u010daka zaklju\u010davanja na stani brave 4 fiksne to\u010dke zaklju\u010davanja na strani panta Neoprenska brtva \u0160irokokutna \u0161pijunka 160\u00b0 Sigurnosni dovratnik za slu\u010daj [&hellip;]","og_url":"https:\/\/webstudiodizajn.com.hr\/index.php\/protuprovalna-vrata-basic\/","og_site_name":"KOLNOA VRATA","article_modified_time":"2023-07-26T11:21:49+00:00","twitter_card":"summary_large_image","schema":{"@context":"https:\/\/schema.org","@graph":[{"@type":"WebPage","@id":"https:\/\/webstudiodizajn.com.hr\/index.php\/protuprovalna-vrata-basic\/","url":"https:\/\/webstudiodizajn.com.hr\/index.php\/protuprovalna-vrata-basic\/","name":"Protuprovalna vrata Basic - KOLNOA VRATA","isPartOf":{"@id":"https:\/\/webstudiodizajn.com.hr\/#website"},"datePublished":"2022-05-22T19:35:41+00:00","dateModified":"2023-07-26T11:21:49+00:00","breadcrumb":{"@id":"https:\/\/webstudiodizajn.com.hr\/index.php\/protuprovalna-vrata-basic\/#breadcrumb"},"inLanguage":"hr","potentialAction":[{"@type":"ReadAction","target":["https:\/\/webstudiodizajn.com.hr\/index.php\/protuprovalna-vrata-basic\/"]}]},{"@type":"BreadcrumbList","@id":"https:\/\/webstudiodizajn.com.hr\/index.php\/protuprovalna-vrata-basic\/#breadcrumb","itemListElement":[{"@type":"ListItem","position":1,"name":"Po\u010detna stranica","item":"https:\/\/webstudiodizajn.com.hr\/"},{"@type":"ListItem","position":2,"name":"Protuprovalna vrata Basic"}]},{"@type":"WebSite","@id":"https:\/\/webstudiodizajn.com.hr\/#website","url":"https:\/\/webstudiodizajn.com.hr\/","name":"KOLNOA VRATA","description":"Va\u0161a sigurnost","publisher":{"@id":"https:\/\/webstudiodizajn.com.hr\/#organization"},"potentialAction":[{"@type":"SearchAction","target":{"@type":"EntryPoint","urlTemplate":"https:\/\/webstudiodizajn.com.hr\/?s={search_term_string}"},"query-input":"required name=search_term_string"}],"inLanguage":"hr"},{"@type":"Organization","@id":"https:\/\/webstudiodizajn.com.hr\/#organization","name":"KOLNOA VRATA","url":"https:\/\/webstudiodizajn.com.hr\/","logo":{"@type":"ImageObject","inLanguage":"hr","@id":"https:\/\/webstudiodizajn.com.hr\/#\/schema\/logo\/image\/","url":"https:\/\/webstudiodizajn.com.hr\/wp-content\/uploads\/2022\/06\/Kolnoa-Vrata-logo-ai1-white.png","contentUrl":"https:\/\/webstudiodizajn.com.hr\/wp-content\/uploads\/2022\/06\/Kolnoa-Vrata-logo-ai1-white.png","width":977,"height":233,"caption":"KOLNOA VRATA"},"image":{"@id":"https:\/\/webstudiodizajn.com.hr\/#\/schema\/logo\/image\/"}}]}},"_links":{"self":[{"href":"https:\/\/webstudiodizajn.com.hr\/index.php\/wp-json\/wp\/v2\/pages\/454"}],"collection":[{"href":"https:\/\/webstudiodizajn.com.hr\/index.php\/wp-json\/wp\/v2\/pages"}],"about":[{"href":"https:\/\/webstudiodizajn.com.hr\/index.php\/wp-json\/wp\/v2\/types\/page"}],"author":[{"embeddable":true,"href":"https:\/\/webstudiodizajn.com.hr\/index.php\/wp-json\/wp\/v2\/users\/1"}],"replies":[{"embeddable":true,"href":"https:\/\/webstudiodizajn.com.hr\/index.php\/wp-json\/wp\/v2\/comments?post=454"}],"version-history":[{"count":8,"href":"https:\/\/webstudiodizajn.com.hr\/index.php\/wp-json\/wp\/v2\/pages\/454\/revisions"}],"predecessor-version":[{"id":2787,"href":"https:\/\/webstudiodizajn.com.hr\/index.php\/wp-json\/wp\/v2\/pages\/454\/revisions\/2787"}],"wp:attachment":[{"href":"https:\/\/webstudiodizajn.com.hr\/index.php\/wp-json\/wp\/v2\/media?parent=454"}],"curies":[{"name":"wp","href":"https:\/\/api.w.org\/{rel}","templated":true}]}}